7627
List the prime factors of 691501923.
3, 7, 23, 20749
List the prime factors of 169197091.
7, 643, 37591
List the prime factors of 100428521.
43, 2335547
List the prime factors of 42661245.
3, 5, 11, 17, 67, 227
What are the prime factors of 5257063242?
2, 3, 109, 893147
List the prime factors of 88457864.
2, 11, 1005203
List the prime factors of 1199053936.
2, 74940871
List the prime factors of 623119203.
3, 7, 103, 32009
What are the prime factors of 83788503?
3, 97, 287933
What are the prime factors of 52359544?
2, 6544943
What are the prime factors of 2421762967?
13, 43, 4332313
What are the prime factors of 73417413?
3, 24472471
What are the prime factors of 774524841?
3, 258174947
List the prime factors of 27663669.
3, 11, 279431
List the prime factors of 676164738.
2, 3, 4513, 24971
What are the prime factors of 114378870?
2, 3, 5, 71, 53699
List the prime factors of 34986402.
2, 3, 11, 176699
List the prime factors of 5796448367.
17, 340967551
What are the prime factors of 2981565?
3, 5, 59, 1123
What are the prime factors of 27740218?
2, 11, 79, 1451
List the prime factors of 1650201253.
16829, 98057
List the prime factors of 4926025624.
2, 13, 47365631
List the prime factors of 4153219382.
2, 13, 353, 452519
List the prime factors of 967419494.
2, 53, 281, 32479
What are the prime factors of 104013545?
5, 20802709
What are the prime factors of 160471887?
3, 2111, 25339
What are the prime factors of 46223388?
2, 3, 1283983
What are the prime factors of 106087073?
106087073
List the prime factors of 51226604.
2, 11, 13, 83
What are the prime factors of 1249066064?
2, 43, 42221
List the prime factors of 68278136.
2, 1279, 6673
What are the prime factors of 3602777053?
5881, 612613
List the prime factors of 803384870.
2, 5, 80338487
What are the prime factors of 1148125468?
2, 7, 5857783
List the prime factors of 65190182.
2, 149, 283, 773
List the prime factors of 1209139160.
2, 5, 30228479
List the prime factors of 377675469.
3, 4013, 10457
List the prime factors of 22344563.
43, 137, 3793
What are the prime factors of 516361043?
11, 17, 19, 7649
What are the prime factors of 1348618774?
2, 674309387
What are the prime factors of 160168211?
7, 3268739
What are the prime factors of 57107153?
167, 341959
What are the prime factors of 129025133?
421, 306473
What are the prime factors of 246529761?
3, 41, 349, 5743
List the prime factors of 178656914.
2, 89328457
What are the prime factors of 257963800?
2, 5, 41, 163, 193
What are the prime factors of 60775828?
2, 359, 42323
List the prime factors of 2065334630.
2, 5, 47, 67, 65587
What are the prime factors of 10762795?
5, 2152559
What are the prime factors of 40667227?
389, 104543
What are the prime factors of 29454981?
3, 29, 338563
What are the prime factors of 390247644?
2, 3, 32520637
What are the prime factors of 628284903?
3, 209428301
What are the prime factors of 61439913?
3, 6826657
What are the prime factors of 788579039?
37, 1327, 16061
List the prime factors of 621194361.
3, 207064787
List the prime factors of 66273660.
2, 3, 5, 31, 37, 107
List the prime factors of 6367373.
1693, 3761
List the prime factors of 25361981.
71, 357211
What are the prime factors of 801677026?
2, 47, 181457
What are the prime factors of 24226752?
2, 3, 11, 11471
List the prime factors of 69944768.
2, 1092887
What are the prime factors of 291184202?
2, 145592101
List the prime factors of 43051368.
2, 3, 379, 4733
List the prime factors of 1969475948.
2, 11, 44760817
What are the prime factors of 2159997065?
5, 79, 1627, 3361
What are the prime factors of 191051764?
2, 19, 2513839
List the prime factors of 276746415.
3, 5, 11, 1677251
List the prime factors of 21077841.
3, 17, 71, 5821
List the prime factors of 217248188.
2, 563, 96469
List the prime factors of 139266679.
23, 1223, 4951
List the prime factors of 240623522.
2, 193, 743, 839
What are the prime factors of 86276456?
2, 7, 97, 2269
List the prime factors of 770036519.
7, 15715031
List the prime factors of 174860039.
37, 41, 73, 1579
List the prime factors of 1270076564.
2, 317519141
List the prime factors of 6279537189.
3, 151, 13862113
List the prime factors of 823204338.
2, 3, 11, 101, 123493
List the prime factors of 110446300.
2, 5, 757, 1459
List the prime factors of 3314004322.
2, 761, 2177401
What are the prime factors of 277041408?
2, 3, 7, 29, 1777
List the prime factors of 182106306.
2, 3, 1124113
What are the prime factors of 1275764449?
109, 11704261
List the prime factors of 132199941.
3, 71, 620657
List the prime factors of 3218956783.
7, 17, 3061, 8837
What are the prime factors of 210312802?
2, 7, 271, 7919
What are the prime factors of 26512631?
281, 94351
List the prime factors of 4847898098.
2, 2423949049
What are the prime factors of 138618326?
2, 7, 11, 43, 173
What are the prime factors of 42201954?
2, 3, 2344553
List the prime factors of 138854691.
3, 17, 509, 1783
List the prime factors of 754159157.
337, 2237861
List the prime factors of 35224377.
3, 11741459
What are the prime factors of 138370811?
138370811
List the prime factors of 1928773582.
2, 673, 719, 1993
What are the prime factors of 677894716?
2, 3517, 48187
What are the prime factors of 299993690?
2, 5, 29, 1034461
What are the prime factors of 1452139794?
2, 3, 7, 29, 56773
List the prime factors of 300707594.
2, 11, 17, 804031
List the prime factors of 108451314.
2, 3, 41, 146953
List the prime factors of 1961744214.
2, 3, 251, 1009, 1291
What are the prime factors of 5046216832?
2, 653, 60373
What are the prime factors of 45910267?
13, 3531559
What are the prime factors of 73335701?
6121, 11981
What are the prime factors of 209708333?
53, 281, 14081
What are the prime factors of 20257227?
3, 23, 97861
What are the prime factors of 4283144040?
2, 3, 5, 7, 5098981
What are the prime factors of 23016586?
2, 103, 111731
List the prime factors of 668813969.
523, 1278803
What are the prime factors of 295031259?
3, 19, 173, 9973
What are the prime factors of 5199506849?
38791, 134039
List the prime factors of 5989340007.
3, 7, 95068889
What are the prime factors of 3785406110?
2, 5, 378540611
What are the prime factors of 4811344841?
4811344841
What are the prime factors of 51769692?
2, 3, 13, 17, 241
What are the prime factors of 72492873?
3, 389, 62119
What are the prime factors of 310660573?
109, 2850097
List the prime factors of 25119114.
2, 3, 31, 135049
List the prime factors of 66731789.
709, 94121
What are the prime factors of 58205587?
11, 71, 74527
What are the prime factors of 149854196?
2, 37463549
What are the prime factors of 403790172?
2, 3, 79, 425939
List the prime factors of 450081858.
2, 3, 769, 97547
What are the prime factors of 118513541?
118513541
What are the prime factors of 1552074396?
2, 3, 31, 4172243
List the prime factors of 1498851.
3, 43, 1291
What are the prime factors of 184113705?
3, 5, 19, 646013
What are the prime factors of 201964509?
3, 19, 131231
List the prime factors of 235328481.
3, 26147609
List the prime factors of 15159677.
13, 37, 31517
List the prime factors of 682863073.
682863073
List the prime factors of 215472202.
2, 11, 73, 12197
List the prime factors of 78169380.
2, 3, 5, 557, 2339
List the prime factors of 6666010040.
2, 5, 3217, 51803
What are the prime factors of 329295820?
2, 5, 7, 2352113
List the prime factors of 231909482.
2, 7, 16564963
What are the prime factors of 46591252?
2, 41, 284093
List the prime factors of 1056423220.
2, 5, 41, 293, 4397
List the prime factors of 100774559.
727, 138617
What are the prime factors of 536232949?
7, 139, 551113
What are the prime factors of 484619165?
5, 96923833
What are the prime factors of 67254172?
2, 16813543
What are the prime factors of 3964884?
2, 3, 7, 11, 613
What are the prime factors of 2820882447?
3, 919, 341057
What are the prime factors of 1020107955?
3, 5, 4567, 14891
List the prime factors of 23318475.
3, 5, 17, 18289
List the prime factors of 104914239.
3, 34971413
What are the prime factors of 79513356?
2, 3, 13, 53, 59, 163
What are the prime factors of 176574821?
1693, 104297
List the prime factors of 146236147.
146236147
List the prime factors of 487704508.
2, 121926127
List the prime factors of 105263765.
5, 29, 25033
What 